2 (base 7) to base 8.
-423
Convert 1020102121 (base 3) to base 15.
734a
What is 701 (base 15) in base 8?
3050
What is -10 (base 13) in base 4?
-31
What is -706 (base 14) in base 9?
-1801
4e (base 15) to base 6
202
What is 1859 (base 14) in base 10?
4391
Convert -100101101100 (base 2) to base 12.
-1490
243 (base 9) to base 16
c9
-1010000000111 (base 2) to base 9
-7026
323 (base 11) to base 5
3023
What is -1172 (base 12) in base 13?
-b78
What is 40 (base 10) in base 4?
220
-51b (base 14) to base 3
-1101020
51f (base 16) to base 6
10023
2cb (base 15) to base 14
33b
Convert 1000221022 (base 3) to base 12.
b952
Convert 430 (base 9) to base 7.
1011
What is 1891 (base 10) in base 13?
b26
Convert -4e (base 16) to base 5.
-303
Convert -1038 (base 12) to base 10.
-1772
Convert -14765 (base 8) to base 2.
-1100111110101
What is -30112213 (base 4) in base 12?
-25347
Convert a9 (base 16) to base 13.
100
What is 1214 (base 6) in base 9?
361
What is -4142 (base 9) in base 16?
-bdb
What is 60425 (base 7) in base 10?
14621
What is 189 (base 11) in base 13?
13a
What is -18b8 (base 13) in base 12?
-2184
What is 2b (base 13) in base 6?
101
-11110100 (base 2) to base 12
-184
c66a (base 13) to base 12
13a8a
1120100221 (base 3) to base 14
b382
-a5c (base 14) to base 12
-1222
-106c (base 16) to base 15
-13a4
What is -246b (base 13) in base 14?
-1c47
-114553 (base 6) to base 16
-27a5
What is -802 (base 13) in base 15?
-604
Convert -205 (base 13) to base 4.
-11113
Convert -c7b (base 16) to base 8.
-6173
What is -31213 (base 5) in base 15?
-923
700 (base 8) to base 7
1210
-438 (base 12) to base 14
-324
-1a7 (base 14) to base 15
-17d
-351 (base 10) to base 15
-186
Convert -14053 (base 6) to base 5.
-32233
Convert 12022112 (base 4) to base 3.
1021121202
2848 (base 15) to base 11
6525
Convert -cb1 (base 13) to base 6.
-14020
Convert 699 (base 13) to base 12.
7b0
145ed (base 16) to base 2
10100010111101101
-324451 (base 6) to base 2
-110100101001111
What is -247 (base 10) in base 13?
-160
What is 3020 (base 4) in base 12?
148
What is -294 (base 16) in base 8?
-1224
What is -736a (base 11) in base 2?
-10011000011100
Convert 15210 (base 6) to base 3.
10100220
d3 (base 16) to base 3
21211
Convert -c571 (base 13) to base 5.
-1333201
Convert -332 (base 16) to base 10.
-818
Convert a89 (base 12) to base 14.
7c5
Convert 175 (base 10) to base 2.
10101111
1987 (base 16) to base 9
8861
102212 (base 3) to base 14
18c
What is -5938 (base 13) in base 3?
-122012221
Convert 22020 (base 3) to base 13.
141
1267 (base 9) to base 5
12302
What is 10122100 (base 3) in base 14?
d79
Convert 4925 (base 10) to base 15.
16d5
-a04 (base 14) to base 2
-11110101100
What is -203103 (base 4) in base 11?
-1774
Convert -1033 (base 6) to base 12.
-179
-22030 (base 4) to base 3
-220011
What is 949b (base 15) in base 9?
47082
What is 41 (base 14) in base 8?
71
What is -111011111110111 (base 2) in base 10?
-30711
104 (base 11) to base 12
a5
What is -101010111110110 (base 2) in base 13?
-a02a
-373 (base 8) to base 3
-100022
Convert -13233 (base 5) to base 14.
-564
What is -1014102 (base 5) in base 15?
-4e87
222022 (base 5) to base 6
55534
967 (base 15) to base 12
128a
What is -120022020 (base 3) in base 16?
-2b95
Convert -580 (base 10) to base 12.
-404
What is 11331033 (base 4) in base 5?
1240044
What is -7304 (base 12) in base 11?
-9463
Convert 216464 (base 7) to base 4.
21112223
Convert -11b2c (base 14) to base 8.
-124534
Convert -3411140 (base 5) to base 11.
-41230
What is 30313 (base 5) in base 12?
1172
Convert 16665 (base 7) to base 9.
6523
Convert 40443 (base 5) to base 8.
5077
Convert -352232 (base 7) to base 6.
-1204425
-10011001 (base 2) to base 8
-231
1454 (base 7) to base 8
1102
-100110 (base 3) to base 13
-168
1030244 (base 5) to base 13
7ccb
What is 170420 (base 8) in base 12?
2b868
-3411 (base 5) to base 8
-741
-3643 (base 16) to base 9
-21044
-31654 (base 7) to base 16
-1ec7
What is 100210222 (base 3) in base 4?
1233302
Convert 1fad (base 16) to base 3.
102010100
Convert -1451 (base 9) to base 4.
-101023
Convert -2a29 (base 11) to base 13.
-1a13
Convert 4043 (base 5) to base 15.
24d
What is 12011103 (base 4) in base 3?
1021011210
What is 700 (base 12) in base 14?
520
Convert -1213 (base 7) to base 16.
-1c3
10101102 (base 3) to base 8
4644
-661 (base 9) to base 15
-261
Convert 684 (base 9) to base 11.
471
-138 (base 9) to base 2
-1110100
What is 11aa2 (base 12) in base 8?
56732
Convert -44240 (base 9) to base 7.
-151410
What is -468 (base 9) in base 4?
-12002
Convert 39 (base 11) to base 2.
101010
Convert -60830 (base 9) to base 16.
-9c69
Convert -21120 (base 3) to base 7.
-411
1030 (base 4) to base 9
84
Convert 298 (base 14) to base 2.
1000001110
What is 7a5 (base 13) in base 2?
10100100110
Convert 3102032 (base 4) to base 8.
32216
Convert 2785 (base 15) to base 11.
6392
What is 7092 (base 10) in base 13?
32c7
Convert -7a1b (base 13) to base 4.
-10023011
Convert -1a28 (base 14) to base 8.
-11204
40 (base 8) to base 4
200
What is 141305 (base 6) in base 14?
4bb3
What is 145 (base 6) in base 14?
49
What is -15785 (base 9) in base 12?
-6342
What is -4a41 (base 12) in base 9?
-12464
Convert -103 (base 8) to base 3.
-2111
What is 152b (base 14) in base 5?
110023
Convert 2024 (base 7) to base 15.
31e
-42756 (base 8) to base 7
-103123
What is 20220221 (base 3) in base 11?
3879
-1130 (base 4) to base 15
-62
What is -604b (base 13) in base 6?
-141153
-c82 (base 15) to base 4
-230012
Convert 352 (base 15) to base 5.
11002
Convert -1790 (base 15) to base 8.
-11735
1445 (base 6) to base 2
110000101
-3076 (base 8) to base 7
-4442
-832 (base 13) to base 15
-62d
Convert -2b0 (base 13) to base 6.
-2121
What is 1201011 (base 4) in base 9?
8463
What is -111001010010 (base 2) in base 3?
-12000210
Convert -70055 (base 10) to base 4.
-101012213
Convert 106a3 (base 12) to base 13.
9b70
-2120 (base 4) to base 5
-1102
Convert 101100100 (base 2) to base 11.
2a4
Convert -1001011110000 (base 2) to base 12.
-2980
-e6d (base 16) to base 7
-13524
Convert -cf8 (base 16) to base 12.
-1b08
221100 (base 4) to base 16
a50
23a3 (base 16) to base 10
9123
Convert -10100202 (base 3) to base 12.
-1502
What is 45103 (base 7) in base 14?
4203
-31432 (base 6) to base 4
-1002230
11681 (base 11) to base 6
205415
What is -2544 (base 6) in base 3?
-212201
5044 (base 8) to base 4
220210
What is -4049 (base 10) in base 9?
-5488
-1a7c (base 15) to base 9
-7780
What is -565e (base 15) in base 7?
-104252
What is -2147 (base 9) in base 7?
-4420
What is -11333303 (base 4) in base 9?
-36622
What is -665 (base 7) in base 16?
-155
Convert -452 (base 7) to base 8.
-351
Convert -1b1b (base 13) to base 15.
-1320
Convert -475 (base 13) to base 2.
-1100000100
What is -22102120 (base 3) in base 4?
-1200000
Convert 2b (base 15) to base 14.
2d
Convert -421 (base 11) to base 13.
-300
What is 20574 (base 8) in base 7?
33664
Convert -2000313 (base 5) to base 11.
-215a5
What is 886 (base 11) in base 15?
4ac
-19 (base 14) to base 13
-1a
295d (base 16) to base 5
314324
be6 (base 15) to base 3
10200200
What is 1660 (base 14) in base 5?
112004
e17 (base 15) to base 2
110001100100
664 (base 10) to base 4
22120
-1411 (base 13) to base 3
-10221221
What is 12010 (base 10) in base 15?
385a
What is -89b0 (base 13) in base 6?
-225024
-bd1 (base 16) to base 13
-14b9
Convert 1221202 (base 3) to base 2.
10110010000
Convert -1ee (base 15) to base 6.
-2025
What is a882 (base 11) in base 7?
56614
What is 1241 (base 15) in base 9?
5287
Convert -943 (base 14) to base 10.
-1823
-27210 (base 8) to base 13
-5564
Convert -654 (base 10) to base 15.
-2d9
-1211221 (base 3) to base 10
-1348
What is -6332 (base 11) in base 14?
-30ac
What is -1084 (base 9) in base 3?
-1002211
284 (base 13) to base 15
1eb
35826 (base 10) to base 15
a936
235 (base 9) to base 2
11000010
Convert 16047 (base 8) to base 15.
2207
What is 678 (base 10) in base 7?
1656
40013 (base 6) to base 8
12111
What is -47622 (base 11) in base 9?
-114126
What is 424115 (base 6) in base 12?
1803b
What is -101100 (base 3) in base 5?
-2104
100844 (base 9) to base 15
12a77
Convert -15737 (base 9) to base 11.
-8135
What is 12232 (base 6) in base 11?
1405
What is -10112112 (base 3) in base 16?
-a13
What is 24477 (base 8) in base 6?